et d be q(2). Let z = -17 + d. Let x be 8/8*z/1. Calculate the greatest common factor of x and 117.
13
Let d be ((-52)/(-12))/((-2)/(-78)). Suppose 2*r + 15*o - 62 = 13*o, -110 = -5*r + 4*o. Calculate the highest common factor of d and r.
13
Suppose -m + 2*k = 939 - 964, 0 = -5*m - 5*k + 35. Let a be (1 - 170)*(-2)/2. Calculate the highest common factor of a and m.
13
Let q(k) = 2*k**2 + 38*k - 190. Let x be q(5). What is the highest common divisor of 9000 and x?
50
Let f be (-303)/(-2) - (-7)/(-14). Suppose -5*h - 111 = -4*g, 4*g + 6*h - f = 3*h. Calculate the highest common divisor of 17 and g.
17
Suppose -174*v = 29*v - 686546. Calculate the greatest common factor of 38 and v.
38
Suppose -y = 3*g - 1191, -6*g - 1985 = -11*g - 3*y. Suppose -g = -3*w + 251. Calculate the greatest common divisor of w and 162.
54
Suppose 5*t - h = 51622, 2*t - 22*h = -20*h + 20644. Calculate the greatest common divisor of 35 and t.
35
Let n(g) = 2*g**2 + 107*g + 113. Let m be n(-53). Let c(l) = 16*l - 12. Let t be c(7). What is the highest common divisor of t and m?
20
Let c(b) = -2*b**3 + 36*b**2 + 45*b + 19. Let o be c(19). Suppose -19*y = -o + 57. Let t be 1 + -4 - -57 - -1. What is the highest common divisor of y and t?
5
Let n(q) be the first derivative of -q**3/3 + 6*q**2 - 29*q - 333. Let g be n(4). Calculate the greatest common divisor of g and 237.
3
Let g(i) = 8*i**2 + 6*i - 1. Let b be g(-4). Suppose 5*y - b = 197. Calculate the greatest common divisor of 20 and y.
20
Let m be (140/(-112)*12/(-10))/(12/1344). What is the greatest common factor of m and 17304?
168
Let a be (28/6)/((-2)/(-6)). Let r(s) = 17 + 112*s - 4 + 15 - 113*s. Let y be r(a). Calculate the highest common factor of 224 and y.
14
Let z be (-2)/(2/(-4)*-2). Let o be z/(((-6)/(-15))/(8/(-10))). Suppose o*m = -2*f + 102, 2*f - 27 = -m + f. Calculate the highest common factor of m and 3.
3
Suppose 4*p + 1304 = 152. Let h = 423 + p. Calculate the highest common factor of 15 and h.
15
Let c = 25 - 16. Let p(f) be the first derivative of f**3/3 + 17*f**2 - 27*f + 48. Let u be p(-36). Calculate the highest common factor of c and u.
9
Suppose -3 = 3*a - 0*a. Let u be (-12)/a - (-11 + 10). Suppose u*h - 110 = 3*h. What is the greatest common divisor of h and 275?
11
Suppose 3740 = 4*f + 4*n, 4702 = 5*f - 14*n + 10*n. What is the highest common divisor of f and 98?
14
Let y(a) = -3*a + 33. Let m be ((-30)/9 - 1)*(-10 + 16). Let b be y(m). Suppose 3*k + 37 = 4*k. Calculate the greatest common divisor of b and k.
37
Let u(t) = 74*t**2 + 34*t + 293. Let j be u(-10). What is the highest common divisor of 86 and j?
43
Let j = -129 - -120. Let q(m) = -24*m - 202. Let w be q(j). Let n = 4 - 2. What is the greatest common divisor of w and n?
2
Let i = -2962 - -3022. What is the highest common divisor of i and 1290?
30
Suppose -379086 = -141*l + 12*l - 5*l. Calculate the greatest common factor of l and 46.
23
Suppose 3*x + 4*m - 52 = 172, -x = m - 74. What is the greatest common factor of x and 1200?
24
Let r = 171 + -169. Suppose 4*z = 4*m + 492, m + 58 + 185 = r*z. Calculate the highest common factor of z and 24.
24
Suppose c - 5 = 12. Let x be (-5 - (-11 + 6)) + 1263*4. Suppose -3 = 33*k - x. What is the greatest common divisor of k and c?
17
Suppose x + 1 - 131 = 0. Let y(j) = 31*j + 1. Let g be y(1). Suppose 2*v - 36 - 31 = -5*z, -v - 2*z = -g. What is the greatest common factor of x and v?
26
Let w(t) = -t - 9 + 0*t + 14. Let o be w(-12). Suppose -3*z - o = -86. What is the greatest common factor of 115 and z?
23
Suppose -82*j + 2*g + 25140 = -78*j, -4*g = -3*j + 18850. Calculate the greatest common factor of j and 28.
14
Let a(n) = -n**3 + 156*n**2 - 1029*n + 254. Let c be a(149). Calculate the greatest common factor of c and 570.
30
Let t = -172 - -186. Calculate the greatest common divisor of 72 and t.
2
Suppose -4*w - 172 - 636 = 0. Let d = -158 - w. What is the greatest common factor of d and 110?
22
Suppose -181*r = -164*r - 527. What is the highest common factor of 9 and r?
1
Let h(l) = 26*l + 4. Let n(q) = 4*q + 10 - 30 + 13 - 55*q. Let w(u) = 5*h(u) + 3*n(u). Let v be w(-1). Calculate the highest common divisor of 154 and v.
22
Let o be (-1016275)/(-5369) - 1/(-7)*-2. Calculate the highest common divisor of o and 441.
63
Suppose -2*z + 310 = -5*x, 5*z = x + 4*x + 310. Let r = -31 - x. Let j = r + -21. What is the greatest common factor of j and 15?
5
Suppose -5*g + 2*g = 324. Let a = 262 + 44. Let v = g + a. What is the greatest common divisor of 18 and v?
18
Suppose 3*u - 3*v - 60 = 0, 0 = 2*v + 2*v - 8. Calculate the highest common divisor of u and 2343.
11
Let x = -20 - 18. Let i = x + 40. Suppose 0 = -0*l + 2*l - i. What is the highest common divisor of 3 and l?
1
Suppose 0 = 2*f - a - 11, -5*f - 2*a + 46 = -4. Suppose -5*j + 59 = -l, f*l + 50 = 4*j + 10*l. What is the highest common divisor of 20 and j?
4
Suppose 10*s + 1455 = -7315. Let l = s - -1417. What is the greatest common factor of 120 and l?
60
Let q be (9/((-27)/8))/(1/(-18)). What is the greatest common factor of 2088 and q?
24
Let v be ((-57)/12)/(((-3)/828)/((-2)/(-6))). What is the highest common divisor of v and 380?
19
Suppose 259*c = 239*c + 9180. Calculate the highest common factor of c and 27.
27
Let d be (2 + 1)/(279/8835). What is the highest common divisor of d and 3040?
95
Let l be (-2484380)/(-153) - 12/(-54) - -9. Calculate the highest common divisor of 422 and l.
211
Suppose -18*k + 556 = -2720. What is the greatest common factor of k and 6643?
91
Let z = -101 - -72. Let n = -25 - z. Suppose 5*y = 4*k - 18, -k + 2*y = n*y + 2. Calculate the highest common factor of k and 2.
2
Suppose 717*b + 10 = 727*b. Suppose -l + b = 0, 27 = 2*o + l - 184. Calculate the greatest common divisor of 280 and o.
35
Suppose 4*b = 2*r + 530, -4*r + 0*r + 536 = 4*b. Let z(i) = 127*i - 70. Let k be z(1). Calculate the greatest common divisor of b and k.
19
Suppose 5*x - 2*o - 96 = 0, -x - 2*o - 36 = -3*x. Suppose -27*z - x = -32*z. Calculate the greatest common divisor of z and 80.
4
Suppose 0 = 3*z + 7*a - 40, 4*z - 2*a + 113 = 223. What is the greatest common factor of z and 150?
25
Suppose 1686 = 2*l + 2*z, 6528 = 6*l + 3*z + 1464. Calculate the highest common factor of l and 2873.
169
Let b be 242/2 - (2 - (3 + 2)). Let r = -109 + b. Calculate the highest common divisor of 60 and r.
15
Let v(p) = -2*p**3 + 24*p**2 - 42*p - 24. Let n be v(9). What is the greatest common divisor of 3808 and n?
28
Let l be (15*(5/(-3) - 30/10))/(-2). What is the greatest common divisor of 259 and l?
7
Let p(c) = c**3 - 4*c**2 - 2*c + 3. Let s be p(5). Let n = 20 + -56. Let k = n + 180. What is the greatest common factor of s and k?
18
Suppose -3*t + 14 + 19 = 0. Let j(a) = -21*a - 3. Let w be j(-1). Let k be (-24)/w*66/(-4). What is the greatest common factor of t and k?
11
Let v = 161 - 161. Suppose 2255 = 4*g - 3*a, v*a - 4*a - 20 = 0. Calculate the greatest common divisor of g and 70.
70
Suppose 5*f - 72 = -4*x, 3*x + 10 = 3*f - 17. Suppose -f*l = -19*l + 3584. Calculate the highest common factor of 16 and l.
16
Suppose 7*a - 147 = -3*d + 6*a, -d = -5*a - 81. What is the greatest common factor of 136 and d?
17
Let q be (-9)/9*-3 + (0 - -1). Suppose -3*f - 1 = -4*p, p = 3*p - q*f + 12. Let a be p/((-16)/4)*(-104)/4. Calculate the greatest common divisor of a and 13.
13
Let v be 6*3/6*438/18. Suppose -689*s + 511 = -688*s. What is the greatest common divisor of v and s?
73
Let z(d) = -d**2 - 33*d - 62. Let i be z(-20). Suppose -w - 78 = -i. Calculate the greatest common divisor of 105 and w.
15
Let q = 23855 + -22751. What is the highest common divisor of q and 851?
23
Let v(b) = 7*b**2 + 100*b + 6. Let o be v(-15). Calculate the greatest common divisor of o and 864.
27
Suppose 4*y + 17*y - 111 = 918. What is the greatest common divisor of 462 and y?
7
Suppose -6 = -2*l + 12. Let d be l - 3 - (-7 + 2). Let y(i) = -i**2 + 8*i - 4. Let b be y(5). What is the greatest common factor of d and b?
11
Let d be (-20)/45 + 7150/90. Calculate the greatest common factor of 79 and d.
79
Suppose -17*l - 276*l = -7994505. What is the greatest common divisor of 255 and l?
255
Let r = 341 - 61. Let j = r + -231. Calculate the highest common divisor of 294 